{"id":3323,"date":"2015-02-01T20:52:58","date_gmt":"2015-02-01T18:52:58","guid":{"rendered":"http:\/\/roadstomongolia.com\/?page_id=3323"},"modified":"2018-09-21T17:19:22","modified_gmt":"2018-09-21T15:19:22","slug":"rts-bmw-g-650-xchallenge","status":"publish","type":"page","link":"https:\/\/roadstomongolia.com\/?page_id=3323","title":{"rendered":"BMW G 650 Xchallenge"},"content":{"rendered":"<p style=\"text-align: left;\">Im Rahmen der Planung habe ich lange nach dem passenden Fernreise-Mopped gesucht. Es sollte unter 180 kg wiegen, eine ordentliche Reichweite haben (so 400km) und nat\u00fcrlich gel\u00e4ndeg\u00e4ngig sein. Da blieben nicht viele \u00fcbrig:<\/p>\n<ul style=\"text-align: left;\">\n<li style=\"text-align: left;\">BMW G 650 XChallenge<\/li>\n<li>KTM 640 Adventure<\/li>\n<li>KTM 690 R<\/li>\n<li>Yamaha XT660Z T\u00e9n\u00e9r\u00e8<\/li>\n<li>Yamaha XT660R<\/li>\n<\/ul>\n<p style=\"text-align: left;\">Bei der 640er KTM habe ich ernsthafte Bedenken in Sachen Motor, zumal man immer wieder davon h\u00f6rt, die 690er der ersten Baujahre hat auch nicht den besten Ruf und die Maschinen ab 2012 werden einfach zu teuer gehandelt, zumal ja auch noch ein paar Kleinigkeiten wie gr\u00f6\u00dferer Tank und Verkleidung dazu kommen.<\/p>\n<p style=\"text-align: left;\">Die kleine T\u00e9n\u00e9r\u00e8 ist dann doch etwas schwer und hat hinten nur ein 17\u201c Rad, die 660R w\u00e4re nicht schlecht, aber ebenfalls nur ein 17\u201c Rad und die Watf\u00e4higkeit ist nicht so doll. Andererseits gibt es sie preiswert zu kaufen und Off the Road in K\u00f6ln bietet reichlich Zubeh\u00f6r an.<\/p>\n<p style=\"text-align: left;\">Die BMW w\u00e4re unterm Strich die beste Wahl, der Motor von Rotax gilt als unzerst\u00f6rbar, ebenso wie die Yamaha Motoren, dazu von Haus aus eine gute Gel\u00e4ndeg\u00e4ngigkeit und die beste Wattiefe aller oben aufgef\u00fchrten Moppeds. Zwar ist auch bei ihr einiges an Umbauten n\u00f6tig, eben Tank und Verkleidung, beides gibt es von TouraTech oder Hotrodwelding. Aber ich hatte echt Gl\u00fcck, letztes Jahr wurde eine fertig umgebaute XChallenge angeboten.<\/p>\n<p style=\"text-align: left;\">Komplett fernreisefertig aufgebaut, der gro\u00dfe Tank und die Verkleidung von Touratech, Exel-Felgen, diverse Hardparts und ein Werkzeugfach. Das Ganze f\u00fcr gut 6000,- \u20ac! Ich brauchte nur noch einen neuen Vorderkotfl\u00fcgel und ein Tr\u00e4gersystem kaufen. Nachdem ich mittlerweile etliche Kilometer mit ihr sowohl on- als auch offroad unterwegs war bin ich sehr zufrieden und bin mir sicher, das richtige Mopped ausgew\u00e4hlt zu haben.<\/p>\n<p style=\"text-align: left;\">Und damit man sich ein Bild machen, nat\u00fcrlich ein paar Fotos von \u201eTante Anna\u201c wie sie jetzt hei\u00dft.<\/p>\n<p style=\"text-align: center;\"><!-- default-view.php -->\n<div\n\tclass=\"ngg-galleryoverview default-view\n\t ngg-ajax-pagination-none\t\"\n\tid=\"ngg-gallery-02e2eb77fe3725acc640bb198aa49f72-1\"\n\tdata-nextgen-gallery-id=\"57\"\n\tdata-gallery-id=\"57\"\n\t\tdata-gallery-name=\"BMW G 650 Xchallenge\"\n\t>\n\n\t\t<!-- Thumbnails -->\n\t\t\t\t<div id=\"ngg-image-0\" class=\"ngg-gallery-thumbnail-box\n\t\t\t\t\t\t\t\t\t\t\t\"\n\t\t\t>\n\t\t\t\t\t\t<div class=\"ngg-gallery-thumbnail\">\n\t\t<a href=\"https:\/\/roadstomongolia.com\/wp-content\/gallery\/bmw-g-650-xchallenge\/BMW-G-650-Xchallenge4.JPG?t=1537543165\"\n\t\t\ttitle=\"\"\n\t\t\tdata-src=\"https:\/\/roadstomongolia.com\/wp-content\/gallery\/bmw-g-650-xchallenge\/BMW-G-650-Xchallenge4.JPG?t=1537543165\"\n\t\t\tdata-thumbnail=\"https:\/\/roadstomongolia.com\/wp-content\/gallery\/bmw-g-650-xchallenge\/thumbs\/thumbs_BMW-G-650-Xchallenge4.JPG?t=1537543165\"\n\t\t\tdata-image-id=\"1431\"\n\t\t\tdata-image-name=\"BMW-G-650-Xchallenge4.JPG\"\n\t\t\tdata-title=\"BMW G 650 Xchallenge4\"\n\t\t\tdata-description=\"\"\n\t\t\tdata-image-slug=\"bmw-g-650-xchallenge4\"\n\t\t\t\t\t\t\t\t\t\t\t\t\t\t\t\t\t\t\t\tclass=\"ngg-fancybox\" rel=\"02e2eb77fe3725acc640bb198aa49f72\">\n\t\t\t\t\t\t\t\t<img\n\t\t\t\t\ttitle=\"BMW G 650 Xchallenge4\"\n\t\t\t\t\talt=\"BMW G 650 Xchallenge4\"\n\t\t\t\t\tsrc=\"https:\/\/roadstomongolia.com\/wp-content\/gallery\/bmw-g-650-xchallenge\/thumbs\/thumbs_BMW-G-650-Xchallenge4.JPG?t=1537543165\"\n\t\t\t\t\twidth=\"70\"\n\t\t\t\t\theight=\"70\"\n\t\t\t\t\tstyle=\"max-width:100%;\"\n\t\t\t\t\/>\n\t\t\t<\/a>\n\t\t<\/div>\n\t\t\t\t\t\t\t<\/div>\n\t\t\t\n\t\t\t\t<div id=\"ngg-image-1\" class=\"ngg-gallery-thumbnail-box\n\t\t\t\t\t\t\t\t\t\t\t\"\n\t\t\t>\n\t\t\t\t\t\t<div class=\"ngg-gallery-thumbnail\">\n\t\t<a href=\"https:\/\/roadstomongolia.com\/wp-content\/gallery\/bmw-g-650-xchallenge\/BMW-G-650-Xchallenge2.jpg?t=1422817540\"\n\t\t\ttitle=\" \"\n\t\t\tdata-src=\"https:\/\/roadstomongolia.com\/wp-content\/gallery\/bmw-g-650-xchallenge\/BMW-G-650-Xchallenge2.jpg?t=1422817540\"\n\t\t\tdata-thumbnail=\"https:\/\/roadstomongolia.com\/wp-content\/gallery\/bmw-g-650-xchallenge\/thumbs\/thumbs_BMW-G-650-Xchallenge2.jpg?t=1422817540\"\n\t\t\tdata-image-id=\"1433\"\n\t\t\tdata-image-name=\"BMW-G-650-Xchallenge2.jpg\"\n\t\t\tdata-title=\"BMW G 650 Xchallenge2\"\n\t\t\tdata-description=\" \"\n\t\t\tdata-image-slug=\"bmw-g-650-xchallenge2\"\n\t\t\t\t\t\t\t\t\t\t\t\t\t\t\t\t\t\t\t\tclass=\"ngg-fancybox\" rel=\"02e2eb77fe3725acc640bb198aa49f72\">\n\t\t\t\t\t\t\t\t<img\n\t\t\t\t\ttitle=\"BMW G 650 Xchallenge2\"\n\t\t\t\t\talt=\"BMW G 650 Xchallenge2\"\n\t\t\t\t\tsrc=\"https:\/\/roadstomongolia.com\/wp-content\/gallery\/bmw-g-650-xchallenge\/thumbs\/thumbs_BMW-G-650-Xchallenge2.jpg?t=1422817540\"\n\t\t\t\t\twidth=\"70\"\n\t\t\t\t\theight=\"70\"\n\t\t\t\t\tstyle=\"max-width:100%;\"\n\t\t\t\t\/>\n\t\t\t<\/a>\n\t\t<\/div>\n\t\t\t\t\t\t\t<\/div>\n\t\t\t\n\t\t\t\t<div id=\"ngg-image-2\" class=\"ngg-gallery-thumbnail-box\n\t\t\t\t\t\t\t\t\t\t\t\"\n\t\t\t>\n\t\t\t\t\t\t<div class=\"ngg-gallery-thumbnail\">\n\t\t<a href=\"https:\/\/roadstomongolia.com\/wp-content\/gallery\/bmw-g-650-xchallenge\/BMW-G-650-Xchallenge1.JPG?t=1422817538\"\n\t\t\ttitle=\" \"\n\t\t\tdata-src=\"https:\/\/roadstomongolia.com\/wp-content\/gallery\/bmw-g-650-xchallenge\/BMW-G-650-Xchallenge1.JPG?t=1422817538\"\n\t\t\tdata-thumbnail=\"https:\/\/roadstomongolia.com\/wp-content\/gallery\/bmw-g-650-xchallenge\/thumbs\/thumbs_BMW-G-650-Xchallenge1.JPG?t=1422817538\"\n\t\t\tdata-image-id=\"1432\"\n\t\t\tdata-image-name=\"BMW-G-650-Xchallenge1.JPG\"\n\t\t\tdata-title=\"BMW G 650 Xchallenge1\"\n\t\t\tdata-description=\" \"\n\t\t\tdata-image-slug=\"bmw-g-650-xchallenge1\"\n\t\t\t\t\t\t\t\t\t\t\t\t\t\t\t\t\t\t\t\tclass=\"ngg-fancybox\" rel=\"02e2eb77fe3725acc640bb198aa49f72\">\n\t\t\t\t\t\t\t\t<img\n\t\t\t\t\ttitle=\"BMW G 650 Xchallenge1\"\n\t\t\t\t\talt=\"BMW G 650 Xchallenge1\"\n\t\t\t\t\tsrc=\"https:\/\/roadstomongolia.com\/wp-content\/gallery\/bmw-g-650-xchallenge\/thumbs\/thumbs_BMW-G-650-Xchallenge1.JPG?t=1422817538\"\n\t\t\t\t\twidth=\"70\"\n\t\t\t\t\theight=\"70\"\n\t\t\t\t\tstyle=\"max-width:100%;\"\n\t\t\t\t\/>\n\t\t\t<\/a>\n\t\t<\/div>\n\t\t\t\t\t\t\t<\/div>\n\t\t\t\n\t\t\t\t<div id=\"ngg-image-3\" class=\"ngg-gallery-thumbnail-box\n\t\t\t\t\t\t\t\t\t\t\t\"\n\t\t\t>\n\t\t\t\t\t\t<div class=\"ngg-gallery-thumbnail\">\n\t\t<a href=\"https:\/\/roadstomongolia.com\/wp-content\/gallery\/bmw-g-650-xchallenge\/BMW-G-650-Xchallenge3.jpg?t=1422817543\"\n\t\t\ttitle=\" \"\n\t\t\tdata-src=\"https:\/\/roadstomongolia.com\/wp-content\/gallery\/bmw-g-650-xchallenge\/BMW-G-650-Xchallenge3.jpg?t=1422817543\"\n\t\t\tdata-thumbnail=\"https:\/\/roadstomongolia.com\/wp-content\/gallery\/bmw-g-650-xchallenge\/thumbs\/thumbs_BMW-G-650-Xchallenge3.jpg?t=1422817543\"\n\t\t\tdata-image-id=\"1434\"\n\t\t\tdata-image-name=\"BMW-G-650-Xchallenge3.jpg\"\n\t\t\tdata-title=\"BMW G 650 Xchallenge3\"\n\t\t\tdata-description=\" \"\n\t\t\tdata-image-slug=\"bmw-g-650-xchallenge3\"\n\t\t\t\t\t\t\t\t\t\t\t\t\t\t\t\t\t\t\t\tclass=\"ngg-fancybox\" rel=\"02e2eb77fe3725acc640bb198aa49f72\">\n\t\t\t\t\t\t\t\t<img\n\t\t\t\t\ttitle=\"BMW G 650 Xchallenge3\"\n\t\t\t\t\talt=\"BMW G 650 Xchallenge3\"\n\t\t\t\t\tsrc=\"https:\/\/roadstomongolia.com\/wp-content\/gallery\/bmw-g-650-xchallenge\/thumbs\/thumbs_BMW-G-650-Xchallenge3.jpg?t=1422817543\"\n\t\t\t\t\twidth=\"70\"\n\t\t\t\t\theight=\"70\"\n\t\t\t\t\tstyle=\"max-width:100%;\"\n\t\t\t\t\/>\n\t\t\t<\/a>\n\t\t<\/div>\n\t\t\t\t\t\t\t<\/div>\n\t\t\t\n\t\n\t<br style=\"clear: both\" \/>\n\n\t\n\t\t<div class=\"ngg-clear\"><\/div>\n\t<\/div>\n<\/p>\n<p style=\"text-align: left;\">Hier geht es zur <strong><a href=\"http:\/\/roadstomongolia.com\/?page_id=3291\">RtS KTM<\/a><\/strong> von Tobias.<\/p>\n","protected":false},"excerpt":{"rendered":"<p>Im Rahmen der Planung habe ich lange nach dem passenden Fernreise-Mopped gesucht. Es sollte unter 180 kg wiegen, eine ordentliche Reichweite haben (so 400km) und nat\u00fcrlich gel\u00e4ndeg\u00e4ngig sein. Da blieben nicht viele \u00fcbrig: BMW G 650 XChallenge KTM 640 Adventure KTM 690 R Yamaha XT660Z T\u00e9n\u00e9r\u00e8 Yamaha XT660R Bei der &#8230;<\/p>\n","protected":false},"author":5,"featured_media":0,"parent":3226,"menu_order":0,"comment_status":"closed","ping_status":"closed","template":"template-full-width.php","meta":{"ngg_post_thumbnail":0,"footnotes":""},"class_list":["post-3323","page","type-page","status-publish","hentry","column","onecol"],"_links":{"self":[{"href":"https:\/\/roadstomongolia.com\/index.php?rest_route=\/wp\/v2\/pages\/3323","targetHints":{"allow":["GET"]}}],"collection":[{"href":"https:\/\/roadstomongolia.com\/index.php?rest_route=\/wp\/v2\/pages"}],"about":[{"href":"https:\/\/roadstomongolia.com\/index.php?rest_route=\/wp\/v2\/types\/page"}],"author":[{"embeddable":true,"href":"https:\/\/roadstomongolia.com\/index.php?rest_route=\/wp\/v2\/users\/5"}],"replies":[{"embeddable":true,"href":"https:\/\/roadstomongolia.com\/index.php?rest_route=%2Fwp%2Fv2%2Fcomments&post=3323"}],"version-history":[{"count":10,"href":"https:\/\/roadstomongolia.com\/index.php?rest_route=\/wp\/v2\/pages\/3323\/revisions"}],"predecessor-version":[{"id":11531,"href":"https:\/\/roadstomongolia.com\/index.php?rest_route=\/wp\/v2\/pages\/3323\/revisions\/11531"}],"up":[{"embeddable":true,"href":"https:\/\/roadstomongolia.com\/index.php?rest_route=\/wp\/v2\/pages\/3226"}],"wp:attachment":[{"href":"https:\/\/roadstomongolia.com\/index.php?rest_route=%2Fwp%2Fv2%2Fmedia&parent=3323"}],"curies":[{"name":"wp","href":"https:\/\/api.w.org\/{rel}","templated":true}]}}